- 133. Let d be c(5). Let z be (-1204)/(-49) - (d/28)/(-3). Calculate the highest common factor of z and 8.
8
Let d be 11 + 2614/7 - (-9)/(-21). What is the greatest common divisor of 1600 and d?
64
Let y(s) = 6*s - 19. Let t be y(7). Let q be (6/(-10) - (-51084)/215) + -7. What is the highest common divisor of q and t?
23
Let x(h) = -2*h**3 + 74*h**2 - 50*h - 365. Let k be x(36). Calculate the greatest common divisor of 1342 and k.
61
Suppose -3*u - 3*p = -63, 3*u - 65 = -p - 8. Calculate the highest common divisor of u and 24.
6
Let r(u) be the second derivative of u**4/3 + 7*u**3/6 - u**2 - 26*u - 1. Let i be r(5). Calculate the highest common factor of 19 and i.
19
Let y(k) = -k + 9. Let f be y(7). Suppose f*c + 82908 = 11*c. Let j be (-4)/(-22) + c/154. Calculate the greatest common divisor of 6 and j.
6
Let s(u) = -u**3 + 18*u**2 + 81*u - 750. Let t be s(20). Suppose -33 = -i - 5. Suppose -3*h + h = -i. What is the highest common factor of t and h?
14
Let h = 854 + -814. Calculate the greatest common factor of 11320 and h.
40
Let p(a) = -32*a - 1. Let c be p(-3). Suppose 5*r = 3*s - 145, -s + 3*r = s - c. Calculate the greatest common factor of 180 and s.
20
Suppose 42*f + 1110 = 8217 + 2469. Calculate the greatest common divisor of f and 7828.
76
Suppose -v + 4*s = -4*v - 45, 2*v = -3*s - 30. Let d(a) = -a**2 - 9*a + 32. Let i be d(v). Let j = 79 + i. What is the highest common divisor of 189 and j?
21
Suppose 0 = 9*m - 7*m. Suppose -4*y - 2*z + 33 + 13 = m, 0 = -5*y + z + 68. Let h = 18 - y. Calculate the highest common divisor of 55 and h.
5
Let x(i) be the first derivative of i**4/4 - 11*i**3/3 + 2*i**2 - 8*i - 12. Let d be x(9). Let u = -62 - d. What is the greatest common factor of 8 and u?
8
Let t be ((-33)/(-55) - (-18)/20)*(-518)/(-3). Calculate the highest common divisor of t and 1591.
37
Let k = 331 - 327. Suppose 2*x - 4*o = 278, 280 = 4*x - k*o - 268. What is the highest common divisor of 5 and x?
5
Suppose 7425 + 1287 = 44*g. Calculate the greatest common divisor of g and 4818.
66
Let d be (-60)/(-8)*(19 - 7). Let i = 1428 + -1388. What is the greatest common factor of i and d?
10
Let u = -150 + 138. Let r be (u/10)/(82/(-14145)). What is the greatest common divisor of r and 27?
9
Let n = 7 - -41. Let k(g) = 285*g**2 + 29063*g - 42. Let x be k(-102). Calculate the highest common factor of x and n.
48
Let m be ((-4)/(-32)*590)/(-10 + (-2529)/(-252)). Calculate the highest common factor of m and 531.
59
Let i(r) = -30*r - 1450. Let y be i(-74). Calculate the greatest common divisor of y and 550.
110
Suppose 0 = q - m + 42 - 282, -231 = -q - 2*m. Calculate the greatest common divisor of q and 10191.
237
Suppose -3*z - z = 2088. Suppose 83*x + 411 = 80*x + r, -5*r + 705 = -5*x. Let a = x - z. What is the highest common divisor of 43 and a?
43
Let f = 37 - -343. Let q be 75/10*f/50. What is the greatest common factor of 38 and q?
19
Let b be 124 + -1 - (-8 + 11). Let x = -19 - 69. Let p = -40 - x. Calculate the highest common factor of b and p.
24
Suppose 55 = -84*g + 79*g. Let l(y) = -y**3 - 8*y**2 + 18*y + 23. Let m be l(g). Calculate the highest common divisor of m and 141.
47
Let r be 3 - (-24)/14*(-784)/(-224). What is the greatest common factor of r and 606?
3
Suppose 3*k = 9, -2*q + 100 = -5*k + 9*k. What is the highest common factor of 10494 and q?
22
Let c be ((-10600)/30)/((-20)/9 - -2). Calculate the greatest common factor of c and 70.
10
Suppose -122 = -4*x - 2*i - 24, -3*x + 61 = 4*i. Calculate the highest common factor of x and 4401.
27
Let v = -32250 - -32736. Calculate the highest common divisor of v and 18.
18
Let r(b) = -100*b + 18*b - 110 + 32*b. Let z be r(-3). What is the highest common divisor of z and 220?
20
Let c = -23108 + 23358. What is the greatest common factor of 250 and c?
250
Let f be (-9)/(-2) + 479/(-958). Suppose -5*i = -144 - 176. What is the highest common divisor of f and i?
4
Suppose -2*g + 5*g - 4*w - 1116 = 0, -3*w - 1113 = -3*g. Let p = 386 - g. What is the greatest common factor of 153 and p?
9
Let k(z) = 40*z - 8. Let a(v) = v**3 + 6*v**2 + 2*v - 6. Let h be a(-5). Let o be k(h). Calculate the highest common divisor of 22 and o.
22
Let x(n) = 417*n + 2. Let v(y) = 2*y**3 + y**2 - y + 1. Let q be v(0). Let g be x(q). Suppose 3*a = 277 + g. What is the greatest common factor of a and 29?
29
Let z = -284 - -534. Calculate the greatest common divisor of 8 and z.
2
Let o = -25 - -41. Let v = 27 - o. Let x(b) = -b**3 + 88*b**2 - 1767*b + 88. Let u be x(31). What is the highest common factor of v and u?
11
Suppose -126693 = 121*v - 389868. What is the highest common divisor of 87 and v?
87
Let h(r) = r**3 - 11*r**2 - 16*r + 7. Let w be h(12). Let z = w - -42. Let t = 17 - z. Calculate the greatest common divisor of t and 40.
8
Let k be 6 - 70*(-6 - 28/(-5)). What is the greatest common divisor of 1802 and k?
34
Suppose 3*i + 0*i + 20 = 5*a, -5 = -5*a. Let m = i + 41. Let x = -5 + 95. What is the highest common divisor of m and x?
18
Suppose 6*s - 412 = 431 - 645. What is the greatest common divisor of s and 5907?
33
Suppose 2*j + 2*j = 16. Suppose 74 = -40*d + 154. What is the highest common divisor of j and d?
2
Let x = 10 - -7. Let m = 23 - x. Let u be m/(-24) + 675/12. What is the highest common divisor of 8 and u?
8
Suppose 10*g + 23 - 63 = 0. Let c(p) = -18 - g*p - 17*p - 26. Let b be c(-11). Calculate the highest common factor of 11 and b.
11
Let k be 3/(-1 + (-166)/(-160)). Let h = 40 - 33. Suppose 3*l + 5*g = 86, -h*l - 4*g + 152 = -2*l. What is the greatest common divisor of k and l?
16
Let g be -13*6/(-4)*16/8. Suppose -16*r - 5*r - 18*r = -585. Calculate the greatest common divisor of g and r.
3
Let h(z) = -8*z + 66. Let p be h(6). Let i(j) = -2*j**2 + 38*j - 7. Let b be i(p). Let f = 8 + b. Calculate the highest common divisor of 333 and f.
37
Let n = 5616 + -4242. Calculate the highest common divisor of n and 6.
6
Let l = 15 + 9. Suppose -5*s - 2*i + l = 8, -s - 5*i = -17. Suppose 10*u = -3*t + 14*u + 62, -t - 2*u + 4 = 0. What is the greatest common factor of t and s?
2
Suppose 126 = 30*f - 12*f. Suppose 18 = f*h - 5*h + 2*m, 2 = 2*m. Let l = 90 - 10. Calculate the highest common factor of h and l.
8
Let j be 51/(1 - -1 - 1). Let i be 6*(-194)/(-84) + 1/7. Let l(w) = -2*w + 62. Let u be l(i). What is the highest common divisor of j and u?
17
Let d(o) = o**2 + o + 9. Let y be d(0). Let q be (-4)/18 - (-452)/y. Let b = -34 + q. Calculate the greatest common factor of 2 and b.
2
Let n = -7974 - -8814. Calculate the highest common divisor of 1050 and n.
210
Let z = 76282 - 76105. Let f be 1182/4 - 2/4. Calculate the greatest common factor of z and f.
59
Let f(l) = 10*l**2 - 7*l - 3*l**2 + l**2 + 16 + l**2. Let r be f(4). Calculate the highest common divisor of 44 and r.
44
Let t(d) = -5*d + 10. Let v be t(-5). Let f = -34 + v. Let p(s) = 4*s**3 + s**2 + 2*s - 3. Let g be p(f). Calculate the greatest common divisor of g and 24.
4
Suppose -5*t - 69 + 9 = -h, -t - 624 = -7*h. What is the greatest common divisor of h and 10?
10
Suppose -k - 2*d + 16 - 121 = 0, -117 = k - d. Let w = 138 + k. Calculate the highest common factor of 100 and w.
25
Let b(u) = 56*u - 111. Let n be b(2). Let r = -2 - -4. Calculate the greatest common factor of n and r.
1
Let l be 3/(191424/27336 - 7). Calculate the greatest common divisor of 799 and l.
17
Let o(n) = 42*n**3 + 18*n**2 - 78*n - 90. Let u be o(7). Calculate the highest common factor of u and 22.
22
Let z be 1/1*-3 - (-31)/1. Suppose -n + z = 5*s, -s + 2 - 3 = -2*n. Let m(k) = k + 10. Let u be m(0). What is the greatest common divisor of s and u?
5
Let g = 1480209 + -1480177. Suppose -2*o - o = -576. What is the greatest common factor of o and g?
32
Suppose 0 = 35*b - 4237 - 8503. What is the greatest common divisor of b and 169?
13
Let v be ((-16)/24)/(-5 - (-387)/81). Suppose 5*q - n - 11 = 0, 2*n + 4 = 4*q - 0*n. What is the highest common divisor of q and v?
3
Suppose -832*n - 4*d = -830*n - 808, n = 2*d + 380. Let k be (55/1 - -4) + -3. Calculate the greatest common factor of k and n.
56
Let n(a) = -20*a - a + 12 + 441*a**2 + 175*a**2 + 9 - 57*a**2. Let b be n(1). What is the highest common factor of b and 43?
43
Let y = 66 - 45. Let h be